inder when 6833 is divided by 133?
50
Calculate the remainder when 375575 is divided by 19765.
40
What is the remainder when 423153 is divided by 61?
57
Calculate the remainder when 17117 is divided by 2072.
541
What is the remainder when 4469 is divided by 69?
53
Calculate the remainder when 53948 is divided by 325.
323
Calculate the remainder when 4402 is divided by 275.
2
What is the remainder when 806 is divided by 188?
54
Calculate the remainder when 9828 is divided by 1625.
78
Calculate the remainder when 142184 is divided by 17.
13
What is the remainder when 1331 is divided by 622?
87
What is the remainder when 28102 is divided by 6712?
1254
What is the remainder when 7884 is divided by 984?
12
What is the remainder when 1249 is divided by 5?
4
What is the remainder when 44274 is divided by 714?
6
Calculate the remainder when 3907 is divided by 1301.
4
Calculate the remainder when 188094 is divided by 330.
324
What is the remainder when 57273 is divided by 3014?
7
Calculate the remainder when 41178 is divided by 2899.
592
Calculate the remainder when 946 is divided by 510.
436
What is the remainder when 586 is divided by 18?
10
Calculate the remainder when 74593 is divided by 18630.
73
What is the remainder when 167691 is divided by 114?
111
What is the remainder when 45820 is divided by 8?
4
What is the remainder when 6552 is divided by 27?
18
Calculate the remainder when 228009 is divided by 7.
5
Calculate the remainder when 393 is divided by 128.
9
What is the remainder when 463242 is divided by 133?
3
Calculate the remainder when 17519 is divided by 314.
249
Calculate the remainder when 23653 is divided by 7884.
1
What is the remainder when 7468 is divided by 163?
133
What is the remainder when 6892 is divided by 6?
4
What is the remainder when 4225 is divided by 247?
26
Calculate the remainder when 2379 is divided by 186.
147
Calculate the remainder when 590340 is divided by 56.
44
Calculate the remainder when 126174 is divided by 95.
14
Calculate the remainder when 34664 is divided by 17330.
4
Calculate the remainder when 191725 is divided by 19.
15
What is the remainder when 157900 is divided by 78891?
118
What is the remainder when 1082311 is divided by 51538?
13
What is the remainder when 5015 is divided by 199?
40
Calculate the remainder when 161898 is divided by 53941.
75
Calculate the remainder when 385423 is divided by 1056.
1039
Calculate the remainder when 1611673 is divided by 197.
16
Calculate the remainder when 3804 is divided by 87.
63
What is the remainder when 755 is divided by 182?
27
Calculate the remainder when 8395 is divided by 289.
14
Calculate the remainder when 18814 is divided by 175.
89
What is the remainder when 11944 is divided by 22?
20
What is the remainder when 60252 is divided by 103?
100
What is the remainder when 31019 is divided by 418?
87
What is the remainder when 78273 is divided by 84?
69
Calculate the remainder when 2601 is divided by 272.
153
What is the remainder when 36650 is divided by 11?
9
What is the remainder when 116718 is divided by 5835?
18
Calculate the remainder when 11684 is divided by 101.
69
Calculate the remainder when 17071 is divided by 100.
71
Calculate the remainder when 630 is divided by 29.
21
What is the remainder when 410623 is divided by 15?
13
What is the remainder when 84969 is divided by 1050?
969
Calculate the remainder when 1010 is divided by 73.
61
Calculate the remainder when 2265084 is divided by 2.
0
What is the remainder when 1387 is divided by 1075?
312
Calculate the remainder when 6668 is divided by 172.
132
What is the remainder when 369463 is divided by 98?
3
Calculate the remainder when 594 is divided by 252.
90
Calculate the remainder when 1094558 is divided by 32.
30
What is the remainder when 794504 is divided by 198623?
12
What is the remainder when 776 is divided by 86?
2
Calculate the remainder when 4183 is divided by 1111.
850
Calculate the remainder when 254115 is divided by 20.
15
What is the remainder when 21001 is divided by 70?
1
Calculate the remainder when 14570 is divided by 91.
10
Calculate the remainder when 14376 is divided by 7137.
102
What is the remainder when 83718 is divided by 129?
126
What is the remainder when 3653 is divided by 622?
543
What is the remainder when 4617 is divided by 296?
177
Calculate the remainder when 3615 is divided by 390.
105
What is the remainder when 1315 is divided by 59?
17
Calculate the remainder when 449471 is divided by 409.
389
What is the remainder when 55192 is divided by 582?
484
Calculate the remainder when 660 is divided by 106.
24
Calculate the remainder when 76304 is divided by 103.
84
What is the remainder when 15602 is divided by 384?
242
Calculate the remainder when 255662 is divided by 195.
17
Calculate the remainder when 874 is divided by 395.
84
Calculate the remainder when 2887071 is divided by 332.
331
Calculate the remainder when 702587 is divided by 18.
11
Calculate the remainder when 860992 is divided by 47.
46
What is the remainder when 20160 is divided by 45?
0
Calculate the remainder when 153103 is divided by 315.
13
What is the remainder when 18481 is divided by 2009?
400
Calculate the remainder when 71926 is divided by 12.
10
What is the remainder when 3170 is divided by 286?
24
Calculate the remainder when 300525 is divided by 757.
753
Calculate the remainder when 29392 is divided by 91.
90
Calculate the remainder when 27349 is divided by 228.
217
What is the remainder when 10066 is divided by 561?
529
Calculate the remainder when 3918 is divided by 2726.
1192
What is the remainder when 1296966 is divided by 892?
890
Calculate the remainder when 32177 is divided by 4596.
5
Calculate the remainder when 1159 is divided by 485.
189
Calculate the remainder when 1016372 is divided by 21.
14
What is the remainder when 16833 is divided by 61?
58
What is the remainder when 54257 is divided by 1109?
1025
What is the remainder when 1061416 is divided by 1701?
1693
What is the remainder when 16031 is divided by 3171?
176
What is the remainder when 2988 is divided by 37?
28
Calculate the remainder when 366099 is divided by 263.
3
What is the remainder when 154726 is divided by 154654?
72
What is the remainder when 32032 is divided by 1001?
0
What is the remainder when 74372 is divided by 171?
158
Calculate the remainder when 106699 is divided by 152.
147
Calculate the remainder when 26951 is divided by 27.
5
Calculate the remainder when 28536 is divided by 9512.
0
What is the remainder when 7167 is divided by 123?
33
Calculate the remainder when 14564 is divided by 177.
50
What is the remainder when 33496 is divided by 49?
29
What is the remainder when 7678 is divided by 715?
528
What is the remainder when 2359 is divided by 111?
28
Calculate the remainder when 46295 is divided by 15421.
32
Calculate the remainder when 14616 is divided by 14616.
0
Calculate the remainder when 1093 is divided by 475.
143
Calculate the remainder when 904301 is divided by 43.
11
What is the remainder when 10444 is divided by 149?
14
What is the remainder when 6798 is divided by 63?
57
What is the remainder when 97 is divided by 14?
13
What is the remainder when 744868 is divided by 105?
103
What is the remainder when 11223 is divided by 713?
528
What is the remainder when 7144 is divided by 7142?
2
Calculate the remainder when 31436 is divided by 2245.
6
Calculate the remainder when 1118 is divided by 317.
167
What is the remainder when 507509 is divided by 5?
4
Calculate the remainder when 125770 is divided by 12.
10
What is the remainder when 882 is divided by 401?
80
What is the remainder when 266309 is divided by 36?
17
What is the remainder when 17142 is divided by 1420?
102
Calculate the remainder when 126477 is divided by 620.
617
What is the remainder when 108056 is divided by 1589?
4
What is the remainder when 574972 is divided by 185?
177
What is the remainder when 54615 is divided by 492?
3
What is the remainder when 112163 is divided by 18?
5
Calculate the remainder when 4256 is divided by 1399.
59
What is the remainder when 7684 is divided by 284?
16
What is the remainder when 3931 is divided by 104?
83
What is the remainder when 552812 is divided by 199?
189
Calculate the remainder when